{"id":617,"date":"2023-05-08T10:16:14","date_gmt":"2023-05-08T10:16:14","guid":{"rendered":"https:\/\/rufus.cat\/politica-de-privacidad\/"},"modified":"2024-06-27T06:34:25","modified_gmt":"2024-06-27T06:34:25","slug":"politica-de-privacidad","status":"publish","type":"page","link":"https:\/\/rufus.cat\/es\/politica-de-privacidad\/","title":{"rendered":"Pol\u00edtica de privacidad"},"content":{"rendered":"<p>[et_pb_section fb_built=\u00bb1&#8243; _builder_version=\u00bb4.16&#8243; global_colors_info=\u00bb{}\u00bb][et_pb_row _builder_version=\u00bb4.16&#8243; background_size=\u00bbinitial\u00bb background_position=\u00bbtop_left\u00bb background_repeat=\u00bbrepeat\u00bb global_colors_info=\u00bb{}\u00bb][et_pb_column type=\u00bb4_4&#8243; _builder_version=\u00bb4.16&#8243; custom_padding=\u00bb|||\u00bb global_colors_info=\u00bb{}\u00bb custom_padding__hover=\u00bb|||\u00bb][et_pb_text _builder_version=\u00bb4.25.2&#8243; _module_preset=\u00bbdefault\u00bb hover_enabled=\u00bb0&#8243; sticky_enabled=\u00bb0&#8243;]<\/p>\n<h1>Pol\u00edtica de privacitat<\/h1>\n<p>Ra\u00fcl Gonz\u00e1lez Correyero, informa els usuaris del lloc web sobre la seva pol\u00edtica respecte al tractament i protecci\u00f3 de les dades de car\u00e0cter personal dels usuaris i clients.<\/p>\n<p>I garanteix en tot moment l\u2019\u00edntegre i ple compliment de les obligacions disposades per la normativa de protecci\u00f3 de dades i serveis de la societat de la informaci\u00f3: Reglament (UE) 2016\/679 del Parlament Europeu i del Consell, de 27 d\u2019abril de 2016, relatiu a la protecci\u00f3 de les persones f\u00edsiques pel que fa al tractament de dades personals i a la lliure circulaci\u00f3 d\u2019aquestes dades (RGPD), la normativa Llei Org\u00e0nica 3\/2018, de 5 de desembre, de Protecci\u00f3 de Dades Personals i garantia dels drets digitals (LOPDGDD)\u00a0i la Llei 34\/2002, d\u201911 de juliol, de Serveis de la Societat de la Informaci\u00f3 i del Comer\u00e7 Electr\u00f2nic (LSSIce).<\/p>\n<h2>Responsable del tractament<\/h2>\n<ul>\n<li>Ra\u00fcl Gonz\u00e1lez Correyero<\/li>\n<li>NIF: 44184600J<\/li>\n<li>Domicili: <a href=\"https:\/\/www.google.com\/maps\/place\/Carrer+de+Francesc+Maci%C3%A0,+6,+08798+Sant+Cugat+Sesgarrigues,+Barcelona\/data=!4m2!3m1!1s0x12a47bf659e9c94f:0xa68b2dbddafc07a?sa=X&amp;ved=2ahUKEwj6256wlLeCAxW5VaQEHdKcCY4Q8gF6BAgVEAA\" target=\"_blank\" rel=\"noopener\">Francesc Maci\u00e0, 6, Sant Cugat Sesgarrigues, 08798, Barcelona, Espanya<\/a><\/li>\n<li>Tel\u00e8fon: <a href=\"tel:687521121\">687521121<\/a><\/li>\n<li>e-mail: <a href=\"mailto:raul@rufus.cat\">raul@rufus.cat<\/a><\/li>\n<\/ul>\n<h2>Finalitats del tractament de les dades<\/h2>\n<p>Les dades facilitades per l\u2019Usuari s\u00f3n utilitzats per diverses finalitats que s\u2019enumeren a continuaci\u00f3:<\/p>\n<table class=\"mtr-table mtr-tr-th\">\n<tbody>\n<tr>\n<th data-mtr-content=\"Finalitat del tractament \" class=\"mtr-th-tag\">\n<div class=\"mtr-cell-content\"><span style=\"color: #001dff;\">Finalitat del tractament <\/span><\/div>\n<\/th>\n<th data-mtr-content=\"Base jur\u00eddica per al tractament\" class=\"mtr-th-tag\">\n<div class=\"mtr-cell-content\"><span style=\"color: #001dff;\">Base jur\u00eddica per al tractament<\/span><\/div>\n<\/th>\n<\/tr>\n<tr>\n<td data-mtr-content=\"Finalitat del tractament \" class=\"mtr-td-tag\">\n<div class=\"mtr-cell-content\">Gestionar les consultes plantejades a trav\u00e9s del formulari de consulta<\/div>\n<\/td>\n<td data-mtr-content=\"Base jur\u00eddica per al tractament\" class=\"mtr-td-tag\">\n<div class=\"mtr-cell-content\">Inter\u00e8s leg\u00edtim de la Societat per a atendre els requisits d\u2019informaci\u00f3 a trav\u00e9s de la web.<br \/>\nConsentiment prestat de manera expressa en el moment de recollida de les dades a trav\u00e9s dels formularis web.<\/div>\n<\/td>\n<\/tr>\n<tr>\n<td data-mtr-content=\"Finalitat del tractament \" class=\"mtr-td-tag\">\n<div class=\"mtr-cell-content\">Enviament de\u00a0newsletters, comunicacions comercials i promocions.<\/div>\n<\/td>\n<td data-mtr-content=\"Base jur\u00eddica per al tractament\" class=\"mtr-td-tag\">\n<div class=\"mtr-cell-content\">Consentiment prestat de manera expressa en el moment de recollida de les dades a trav\u00e9s dels formularis web.<\/div>\n<\/td>\n<\/tr>\n<tr>\n<td data-mtr-content=\"Finalitat del tractament \" class=\"mtr-td-tag\">\n<div class=\"mtr-cell-content\">Gestionar les incid\u00e8ncies i el manteniment de la web.<\/div>\n<\/td>\n<td data-mtr-content=\"Base jur\u00eddica per al tractament\" class=\"mtr-td-tag\">\n<div class=\"mtr-cell-content\">Inter\u00e8s leg\u00edtim de la Societat.<\/div>\n<\/td>\n<\/tr>\n<\/tbody>\n<\/table>\n<h2>Termini de conservaci\u00f3 de les dades<\/h2>\n<table class=\"mtr-table mtr-tr-th\"><!-- Fila de encabezado --><\/p>\n<tbody>\n<tr>\n<th data-mtr-content=\"Finalitat del tractament \" class=\"mtr-th-tag\">\n<div class=\"mtr-cell-content\"><span style=\"color: #001dff;\">Finalitat del tractament <\/span><\/div>\n<\/th>\n<th data-mtr-content=\"Termini de conservaci\u00f3\" class=\"mtr-th-tag\">\n<div class=\"mtr-cell-content\"><span style=\"color: #001dff;\">Termini de conservaci\u00f3<\/span><\/div>\n<\/th>\n<\/tr>\n<tr>\n<td data-mtr-content=\"Finalitat del tractament \" class=\"mtr-td-tag\">\n<div class=\"mtr-cell-content\">Gestionar les consultes plantejades a trav\u00e9s del formulari de consulta<\/div>\n<\/td>\n<td data-mtr-content=\"Termini de conservaci\u00f3\" class=\"mtr-td-tag\">\n<div class=\"mtr-cell-content\">Tractarem les teves dades durant el temps que sigui necessari per a atendre la teva sol\u00b7licitud o petici\u00f3.<\/div>\n<\/td>\n<\/tr>\n<tr>\n<td data-mtr-content=\"Finalitat del tractament \" class=\"mtr-td-tag\">\n<div class=\"mtr-cell-content\">Enviament de\u00a0newsletters, comunicacions comercials i promocions.<\/div>\n<\/td>\n<td data-mtr-content=\"Termini de conservaci\u00f3\" class=\"mtr-td-tag\">\n<div class=\"mtr-cell-content\">Tractarem les teves dades fins que et donis de baixa.<\/div>\n<\/td>\n<\/tr>\n<tr>\n<td data-mtr-content=\"Finalitat del tractament \" class=\"mtr-td-tag\">\n<div class=\"mtr-cell-content\">Gestionar les incid\u00e8ncies i el manteniment de la web.<\/div>\n<\/td>\n<td data-mtr-content=\"Termini de conservaci\u00f3\" class=\"mtr-td-tag\">\n<div class=\"mtr-cell-content\">Tractarem les seves dades durant el temps necessari per a complir els terminis legals de prescripci\u00f3 que li resultin d\u2019aplicaci\u00f3.<\/div>\n<\/td>\n<\/tr>\n<\/tbody>\n<\/table>\n<h2>Destinataris de les dades<\/h2>\n<p>Per a complir les finalitats indicades en la present Pol\u00edtica de Privacitat, \u00e9s necessari que donem acc\u00e9s a les teves dades personals a terceres parts que ens donin suport en els serveis que t\u2019oferim.<\/p>\n<p>Els encarregats de tractament per a l\u2019execuci\u00f3 d\u2019un contracte o prestaci\u00f3 d\u2019un servei al Responsable, seguint per aix\u00f2 les seves instruccions en tot moment i assegurant els mateixos nivells de seguretat.<\/p>\n<h2>Drets dels usuaris<\/h2>\n<p>L\u2019usuari t\u00e9 dret a:<\/p>\n<ul>\n<ul>\n<li>Sol\u00b7licitar l\u2019acc\u00e9s a les seves dades personals que s\u2019estan tractant i rebre aquesta informaci\u00f3 per escrit pel mitj\u00e0 sol\u00b7licitat.<\/li>\n<li>Sol\u00b7licitar la rectificaci\u00f3 de les dades personals inexactes o, si escau, sol\u00b7licitar la seva supressi\u00f3 quan, entre altres motius, les dades ja no siguin necessaris per a la finalitat pels quals van ser recollits.<\/li>\n<li>Sol\u00b7licitar la limitaci\u00f3 del tractament de les seves dades.<\/li>\n<li>Oposar-se al tractament de les seves dades personals quan escaigui, en aquest cas es deixaran de tractar les seves dades excepte per motius leg\u00edtims.<\/li>\n<li>Dret a la portabilitat de les dades. L\u2019interessat\/interessada t\u00e9 dret a rebre les dades personals si han estat facilitades en un format estructurat, d\u2019\u00fas com\u00fa i de lectura mec\u00e0nica, i a transmetre-les a un altre responsable, si es compleixen els requisits seg\u00fcents:\n<ol>\n<li>El tractament es basa en el consentiment o en un contracte.<\/li>\n<li>El tractament es fa per mitjans automatitzats.<\/li>\n<\/ol>\n<\/li>\n<li>Dret a retirar el consentiment prestat.<\/li>\n<li>Dret a reclamar davant l\u2019Ag\u00e8ncia Espanyola de Protecci\u00f3 de Dades.<\/li>\n<\/ul>\n<\/ul>\n<p>L\u2019Usuari pot exercir els drets anteriorment indicats a l\u2019adre\u00e7a de correu postal o electr\u00f2nica del Responsable, acreditant la seva identitat amb una c\u00f2pia escanejada del seu DNI o document equivalent, i especificant el dret que desitja exercir.<\/p>\n<h2>Proced\u00e8ncia de les dades<\/h2>\n<p>Les dades personals han de ser facilitades pel mateix interessat de forma absolutament volunt\u00e0ria. La manca d\u2019algunes dades o la no resposta de preguntes que puguin formular-se a la persona interessada en els processos de registre o a trav\u00e9s de formularis electr\u00f2nics, pot provocar la impossibilitat d\u2019acc\u00e9s a determinats serveis per a la prestaci\u00f3 dels quals \u00e9s imprescindible de disposar d\u2019aquestes dades de car\u00e0cter personal. En aquest cas, el Responsable del Tractament ha d\u2019informar del car\u00e0cter obligatori o necessari de facilitar les dades personals per al funcionament del servei.<\/p>\n<p>El Responsable assegura la confidencialitat de les seves dades personals i garanteix la seguretat d\u2019aquests, adoptant les mesures necess\u00e0ries per a evitar la seva alteraci\u00f3, p\u00e8rdua, tractament o acc\u00e9s no autoritzat.<\/p>\n<h2>Informaci\u00f3 facilitada per l&#8217;interessat\/interessada<\/h2>\n<p>Els i les menors de divuit anys no poden cedir les seves dades personals sense el previ consentiment del seu pare\/mare\u00a0o tutors legals.<\/p>\n<p>L\u2019interessat\/interessada introduint les seves dades en els formularis de contacte o presentats en formularis de desc\u00e0rrega, accepten expressament i de forma lliure i inequ\u00edvoca que les seves dades s\u00f3n necess\u00e0ries perqu\u00e8 el Responsable atengui la seva petici\u00f3, i \u00e9s volunt\u00e0ria la inclusi\u00f3 de dades en els camps restants.<\/p>\n<p>L\u2019interessat\/interessada garanteix que les dades personals facilitades al prestador s\u00f3n veraces i es fa responsable de comunicar qualsevol modificaci\u00f3 d\u2019aquestes.<\/p>\n<p>Totes les dades sol\u00b7licitades a trav\u00e9s del lloc web s\u00f3n necessaris per a la prestaci\u00f3 d\u2019un servei \u00f2ptim a l\u2019interessat\/interessada. En cas que no siguin facilitades totes les dades, no es garanteix que la informaci\u00f3 i serveis que El responsable li faciliti, siguin completament ajustats a les seves necessitats.<\/p>\n<h2>Mesures de seguretat<\/h2>\n<p>Que de conformitat amb el que disposen les normatives vigents en mat\u00e8ria de protecci\u00f3 de dades personals, El Responsable est\u00e0 complint amb totes les disposicions de les normatives RGPD i LOPDGDD per al tractament de les dades personals de la seva responsabilitat, i manifestament amb els principis descrits en l\u2019article 5 del RGPD i en l\u2019article 4 de la LOPDGDD, pels quals s\u00f3n tractats de manera l\u00edcita, lleial i transparent en relaci\u00f3 amb l\u2019interessat i adequades, pertinents i limitats al que \u00e9s necessari en relaci\u00f3 amb els fins per als quals s\u00f3n tractats.<\/p>\n<p>El responsable garanteix que ha implementat pol\u00edtiques t\u00e8cniques i organitzatives apropiades per aplicar les mesures de seguretat que estableixen el RGPD i la LOPDGDD per tal de protegir els drets i llibertats de l\u2019interessat\/interessada i els ha comunicat la informaci\u00f3 adequada perqu\u00e8 puguin exercir-los.<\/p>\n<h2>Bretxes de seguretat<\/h2>\n<p>El Responsable informar\u00e0 sobre qualsevol bretxa de seguretat que afecti la base de dades que utilitza aquest lloc web, o que afecti qualsevol dels nostres serveis de tercers, a totes i cadascuna de les persones, dades dels quals puguin haver estat afectades, i autoritats, dins de les 72 hores seg\u00fcents a la detecci\u00f3 de la bretxa.<\/p>\n<h2>Legislaci\u00f3 aplicable i jurisdicci\u00f3<\/h2>\n<p>Per a la resoluci\u00f3 de totes les controv\u00e8rsies o q\u00fcestions relacionades amb el present lloc web o de les activitats en ell desenvolupades, ser\u00e0 d\u2019aplicaci\u00f3 la legislaci\u00f3 espanyola, a la qual se sotmeten expressament les parts, sent competents per a la resoluci\u00f3 de tots els conflictes derivats o relacionats amb el seu \u00fas els Jutjats i Tribunals de Barcelona.[\/et_pb_text][\/et_pb_column][\/et_pb_row][\/et_pb_section]<\/p>\n","protected":false},"excerpt":{"rendered":"<p>Pol\u00edtica de privacitat Ra\u00fcl Gonz\u00e1lez Correyero, informa els usuaris del lloc web sobre la seva pol\u00edtica respecte al tractament i protecci\u00f3 de les dades de car\u00e0cter personal dels usuaris i clients. I garanteix en tot moment l\u2019\u00edntegre i ple compliment de les obligacions disposades per la normativa de protecci\u00f3 de dades i serveis de la [&hellip;]<\/p>\n","protected":false},"author":1,"featured_media":0,"parent":0,"menu_order":0,"comment_status":"closed","ping_status":"closed","template":"","meta":{"_et_pb_use_builder":"on","_et_pb_old_content":"","_et_gb_content_width":"","footnotes":""},"dipi_cpt_category":[],"class_list":["post-617","page","type-page","status-publish","hentry"],"_links":{"self":[{"href":"https:\/\/rufus.cat\/es\/wp-json\/wp\/v2\/pages\/617","targetHints":{"allow":["GET"]}}],"collection":[{"href":"https:\/\/rufus.cat\/es\/wp-json\/wp\/v2\/pages"}],"about":[{"href":"https:\/\/rufus.cat\/es\/wp-json\/wp\/v2\/types\/page"}],"author":[{"embeddable":true,"href":"https:\/\/rufus.cat\/es\/wp-json\/wp\/v2\/users\/1"}],"replies":[{"embeddable":true,"href":"https:\/\/rufus.cat\/es\/wp-json\/wp\/v2\/comments?post=617"}],"version-history":[{"count":8,"href":"https:\/\/rufus.cat\/es\/wp-json\/wp\/v2\/pages\/617\/revisions"}],"predecessor-version":[{"id":656,"href":"https:\/\/rufus.cat\/es\/wp-json\/wp\/v2\/pages\/617\/revisions\/656"}],"wp:attachment":[{"href":"https:\/\/rufus.cat\/es\/wp-json\/wp\/v2\/media?parent=617"}],"wp:term":[{"taxonomy":"dipi_cpt_category","embeddable":true,"href":"https:\/\/rufus.cat\/es\/wp-json\/wp\/v2\/dipi_cpt_category?post=617"}],"curies":[{"name":"wp","href":"https:\/\/api.w.org\/{rel}","templated":true}]}}

Política de privacidad

<p>[et_pb_section fb_built=»1&#8243; _builder_version=»4.16&#8243; global_colors_info=»{}»][et_pb_row _builder_version=»4.16&#8243; background_size=»initial» background_position=»top_left» background_repeat=»repeat» global_colors_info=»{}»][et_pb_column type=»4_4&#8243; _builder_version=»4.16&#8243; custom_padding=»|||» global_colors_info=»{}» custom_padding__hover=»|||»][et_pb_text _builder_version=»4.25.2&#8243; _module_preset=»default» hover_enabled=»0&#8243; sticky_enabled=»0&#8243;]</p>
<h1>Política de privacitat</h1>
<p>Raül González Correyero, informa els usuaris del lloc web sobre la seva política respecte al tractament i protecció de les dades de caràcter personal dels usuaris i clients.</p>
<p>I garanteix en tot moment l’íntegre i ple compliment de les obligacions disposades per la normativa de protecció de dades i serveis de la societat de la informació: Reglament (UE) 2016/679 del Parlament Europeu i del Consell, de 27 d’abril de 2016, relatiu a la protecció de les persones físiques pel que fa al tractament de dades personals i a la lliure circulació d’aquestes dades (RGPD), la normativa Llei Orgànica 3/2018, de 5 de desembre, de Protecció de Dades Personals i garantia dels drets digitals (LOPDGDD) i la Llei 34/2002, d’11 de juliol, de Serveis de la Societat de la Informació i del Comerç Electrònic (LSSIce).</p>
<h2>Responsable del tractament</h2>
<ul>
<li>Raül González Correyero</li>
<li>NIF: 44184600J</li>
<li>Domicili: <a href="https://www.google.com/maps/place/Carrer+de+Francesc+Maci%C3%A0,+6,+08798+Sant+Cugat+Sesgarrigues,+Barcelona/data=!4m2!3m1!1s0x12a47bf659e9c94f:0xa68b2dbddafc07a?sa=X&amp;ved=2ahUKEwj6256wlLeCAxW5VaQEHdKcCY4Q8gF6BAgVEAA" target="_blank" rel="noopener">Francesc Macià, 6, Sant Cugat Sesgarrigues, 08798, Barcelona, Espanya</a></li>
<li>Telèfon: <a href="tel:687521121">687521121</a></li>
<li>e-mail: <a href="mailto:raul@rufus.cat">raul@rufus.cat</a></li>
</ul>
<h2>Finalitats del tractament de les dades</h2>
<p>Les dades facilitades per l’Usuari són utilitzats per diverses finalitats que s’enumeren a continuació:</p>
<table class="mtr-table mtr-tr-th">
<tbody>
<tr>
<th data-mtr-content="Finalitat del tractament " class="mtr-th-tag">
<div class="mtr-cell-content"><span style="color: #001dff;">Finalitat del tractament </span></div>
</th>
<th data-mtr-content="Base jurídica per al tractament" class="mtr-th-tag">
<div class="mtr-cell-content"><span style="color: #001dff;">Base jurídica per al tractament</span></div>
</th>
</tr>
<tr>
<td data-mtr-content="Finalitat del tractament " class="mtr-td-tag">
<div class="mtr-cell-content">Gestionar les consultes plantejades a través del formulari de consulta</div>
</td>
<td data-mtr-content="Base jurídica per al tractament" class="mtr-td-tag">
<div class="mtr-cell-content">Interès legítim de la Societat per a atendre els requisits d’informació a través de la web.<br />
Consentiment prestat de manera expressa en el moment de recollida de les dades a través dels formularis web.</div>
</td>
</tr>
<tr>
<td data-mtr-content="Finalitat del tractament " class="mtr-td-tag">
<div class="mtr-cell-content">Enviament de newsletters, comunicacions comercials i promocions.</div>
</td>
<td data-mtr-content="Base jurídica per al tractament" class="mtr-td-tag">
<div class="mtr-cell-content">Consentiment prestat de manera expressa en el moment de recollida de les dades a través dels formularis web.</div>
</td>
</tr>
<tr>
<td data-mtr-content="Finalitat del tractament " class="mtr-td-tag">
<div class="mtr-cell-content">Gestionar les incidències i el manteniment de la web.</div>
</td>
<td data-mtr-content="Base jurídica per al tractament" class="mtr-td-tag">
<div class="mtr-cell-content">Interès legítim de la Societat.</div>
</td>
</tr>
</tbody>
</table>
<h2>Termini de conservació de les dades</h2>
<table class="mtr-table mtr-tr-th"><!-- Fila de encabezado --></p>
<tbody>
<tr>
<th data-mtr-content="Finalitat del tractament " class="mtr-th-tag">
<div class="mtr-cell-content"><span style="color: #001dff;">Finalitat del tractament </span></div>
</th>
<th data-mtr-content="Termini de conservació" class="mtr-th-tag">
<div class="mtr-cell-content"><span style="color: #001dff;">Termini de conservació</span></div>
</th>
</tr>
<tr>
<td data-mtr-content="Finalitat del tractament " class="mtr-td-tag">
<div class="mtr-cell-content">Gestionar les consultes plantejades a través del formulari de consulta</div>
</td>
<td data-mtr-content="Termini de conservació" class="mtr-td-tag">
<div class="mtr-cell-content">Tractarem les teves dades durant el temps que sigui necessari per a atendre la teva sol·licitud o petició.</div>
</td>
</tr>
<tr>
<td data-mtr-content="Finalitat del tractament " class="mtr-td-tag">
<div class="mtr-cell-content">Enviament de newsletters, comunicacions comercials i promocions.</div>
</td>
<td data-mtr-content="Termini de conservació" class="mtr-td-tag">
<div class="mtr-cell-content">Tractarem les teves dades fins que et donis de baixa.</div>
</td>
</tr>
<tr>
<td data-mtr-content="Finalitat del tractament " class="mtr-td-tag">
<div class="mtr-cell-content">Gestionar les incidències i el manteniment de la web.</div>
</td>
<td data-mtr-content="Termini de conservació" class="mtr-td-tag">
<div class="mtr-cell-content">Tractarem les seves dades durant el temps necessari per a complir els terminis legals de prescripció que li resultin d’aplicació.</div>
</td>
</tr>
</tbody>
</table>
<h2>Destinataris de les dades</h2>
<p>Per a complir les finalitats indicades en la present Política de Privacitat, és necessari que donem accés a les teves dades personals a terceres parts que ens donin suport en els serveis que t’oferim.</p>
<p>Els encarregats de tractament per a l’execució d’un contracte o prestació d’un servei al Responsable, seguint per això les seves instruccions en tot moment i assegurant els mateixos nivells de seguretat.</p>
<h2>Drets dels usuaris</h2>
<p>L’usuari té dret a:</p>
<ul>
<ul>
<li>Sol·licitar l’accés a les seves dades personals que s’estan tractant i rebre aquesta informació per escrit pel mitjà sol·licitat.</li>
<li>Sol·licitar la rectificació de les dades personals inexactes o, si escau, sol·licitar la seva supressió quan, entre altres motius, les dades ja no siguin necessaris per a la finalitat pels quals van ser recollits.</li>
<li>Sol·licitar la limitació del tractament de les seves dades.</li>
<li>Oposar-se al tractament de les seves dades personals quan escaigui, en aquest cas es deixaran de tractar les seves dades excepte per motius legítims.</li>
<li>Dret a la portabilitat de les dades. L’interessat/interessada té dret a rebre les dades personals si han estat facilitades en un format estructurat, d’ús comú i de lectura mecànica, i a transmetre-les a un altre responsable, si es compleixen els requisits següents:
<ol>
<li>El tractament es basa en el consentiment o en un contracte.</li>
<li>El tractament es fa per mitjans automatitzats.</li>
</ol>
</li>
<li>Dret a retirar el consentiment prestat.</li>
<li>Dret a reclamar davant l’Agència Espanyola de Protecció de Dades.</li>
</ul>
</ul>
<p>L’Usuari pot exercir els drets anteriorment indicats a l’adreça de correu postal o electrònica del Responsable, acreditant la seva identitat amb una còpia escanejada del seu DNI o document equivalent, i especificant el dret que desitja exercir.</p>
<h2>Procedència de les dades</h2>
<p>Les dades personals han de ser facilitades pel mateix interessat de forma absolutament voluntària. La manca d’algunes dades o la no resposta de preguntes que puguin formular-se a la persona interessada en els processos de registre o a través de formularis electrònics, pot provocar la impossibilitat d’accés a determinats serveis per a la prestació dels quals és imprescindible de disposar d’aquestes dades de caràcter personal. En aquest cas, el Responsable del Tractament ha d’informar del caràcter obligatori o necessari de facilitar les dades personals per al funcionament del servei.</p>
<p>El Responsable assegura la confidencialitat de les seves dades personals i garanteix la seguretat d’aquests, adoptant les mesures necessàries per a evitar la seva alteració, pèrdua, tractament o accés no autoritzat.</p>
<h2>Informació facilitada per l&#8217;interessat/interessada</h2>
<p>Els i les menors de divuit anys no poden cedir les seves dades personals sense el previ consentiment del seu pare/mare o tutors legals.</p>
<p>L’interessat/interessada introduint les seves dades en els formularis de contacte o presentats en formularis de descàrrega, accepten expressament i de forma lliure i inequívoca que les seves dades són necessàries perquè el Responsable atengui la seva petició, i és voluntària la inclusió de dades en els camps restants.</p>
<p>L’interessat/interessada garanteix que les dades personals facilitades al prestador són veraces i es fa responsable de comunicar qualsevol modificació d’aquestes.</p>
<p>Totes les dades sol·licitades a través del lloc web són necessaris per a la prestació d’un servei òptim a l’interessat/interessada. En cas que no siguin facilitades totes les dades, no es garanteix que la informació i serveis que El responsable li faciliti, siguin completament ajustats a les seves necessitats.</p>
<h2>Mesures de seguretat</h2>
<p>Que de conformitat amb el que disposen les normatives vigents en matèria de protecció de dades personals, El Responsable està complint amb totes les disposicions de les normatives RGPD i LOPDGDD per al tractament de les dades personals de la seva responsabilitat, i manifestament amb els principis descrits en l’article 5 del RGPD i en l’article 4 de la LOPDGDD, pels quals són tractats de manera lícita, lleial i transparent en relació amb l’interessat i adequades, pertinents i limitats al que és necessari en relació amb els fins per als quals són tractats.</p>
<p>El responsable garanteix que ha implementat polítiques tècniques i organitzatives apropiades per aplicar les mesures de seguretat que estableixen el RGPD i la LOPDGDD per tal de protegir els drets i llibertats de l’interessat/interessada i els ha comunicat la informació adequada perquè puguin exercir-los.</p>
<h2>Bretxes de seguretat</h2>
<p>El Responsable informarà sobre qualsevol bretxa de seguretat que afecti la base de dades que utilitza aquest lloc web, o que afecti qualsevol dels nostres serveis de tercers, a totes i cadascuna de les persones, dades dels quals puguin haver estat afectades, i autoritats, dins de les 72 hores següents a la detecció de la bretxa.</p>
<h2>Legislació aplicable i jurisdicció</h2>
<p>Per a la resolució de totes les controvèrsies o qüestions relacionades amb el present lloc web o de les activitats en ell desenvolupades, serà d’aplicació la legislació espanyola, a la qual se sotmeten expressament les parts, sent competents per a la resolució de tots els conflictes derivats o relacionats amb el seu ús els Jutjats i Tribunals de Barcelona.[/et_pb_text][/et_pb_column][/et_pb_row][/et_pb_section]</p>

<p>Política de privacitat Raül González Correyero, informa els usuaris del lloc web sobre la seva política respecte al tractament i protecció de les dades de caràcter personal dels usuaris i clients. I garanteix en tot moment l’íntegre i ple compliment de les obligacions disposades per la normativa de protecció de dades i serveis de la [&hellip;]</p>
